(s) = s**3 + 72*s**2 - 65*s - 58255. Give z(-50).
-5
Let f(i) = -7515*i - 53340. Calculate f(-7).
-735
Let d(s) = -13*s**2 + 844*s + 3677. What is d(69)?
20
Let r(j) = -7*j**3 - 210*j**2 - 200*j + 81. Determine r(-29).
-6
Let q(s) = 24081*s - 458334. Give q(19).
-795
Let p(a) = -8671*a - 303528. Give p(-35).
-43
Let l(z) = -z**3 - 5*z**2 - 80*z + 442. Calculate l(5).
-208
Let h(v) = v**3 - 136*v**2 - 326*v + 6575. Determine h(138).
-325
Let o(h) = 3948*h**2 - 284302*h + 3311. What is o(72)?
-1
Let a(g) = -3*g**3 - 28*g**2 - 21*g + 215. Determine a(-10).
625
Let i(w) = -w**3 + w**2 + 34*w - 20. Determine i(6).
4
Let f(s) = s**3 + 95*s**2 + 527*s + 77. Calculate f(-89).
700
Let i(u) = 698*u - 106668. Give i(153).
126
Let f(x) = 862*x + 13704. Determine f(-15).
774
Let a(u) = -7*u**2 + 723*u + 500. Determine a(104).
-20
Let o(r) = 9148*r - 9468192. Give o(1035).
-12
Let k(t) = 13847*t - 55480. What is k(4)?
-92
Let r(i) = 112*i**3 - 11742*i**2 - 1888*i - 215. Calculate r(105).
-5
Let x(a) = -4*a**2 - 1995*a - 17252. Calculate x(-490).
-102
Let k(n) = -4194*n - 16670. Calculate k(-4).
106
Let w(k) = -k**2 - k + 36. Determine w(-2).
34
Let t(m) = -47498*m - 94995. Determine t(-2).
1
Let d(n) = -n**3 + 16*n**2 + 20*n - 1371. Give d(22).
-3835
Let h(a) = 3*a**2 - 23961*a + 644767. Determine h(27).
7
Let a(k) = k**3 - 27*k**2 + 4358*k - 128060. Give a(29).
4
Let a(o) = -26711*o + 455419. Calculate a(17).
1332
Let g(k) = -k**2 - 1270*k - 123384. Give g(-106).
0
Let s(x) = x**3 - 44*x**2 + 264*x - 427. Calculate s(34).
-3011
Let l(x) = x**2 + 182*x + 4756. What is l(-40)?
-924
Let w(m) = -8*m**3 + 701*m**2 + 265*m - 64. Calculate w(88).
24
Let q(w) = -454*w + 1747. Determine q(2).
839
Let i(x) = 115777*x - 463085. Calculate i(4).
23
Let q(k) = -10*k**3 - 69*k**2 + 6*k + 74. Give q(-7).
81
Let c(t) = -68*t**2 + 1527*t + 854. Determine c(23).
3
Let u(z) = 4811*z - 399060. Give u(83).
253
Let j(q) = -529736*q - 2118936. What is j(-4)?
8
Let g(k) = 4992*k + 44834. Determine g(-9).
-94
Let v(d) = d**3 - 26*d**2 + 437*d - 3277. Give v(13).
207
Let p(o) = 16813*o + 319439. Determine p(-19).
-8
Let k(m) = -m**2 + 29681*m + 386004. Give k(-13).
-18
Let c(g) = -4145*g - 49830. Calculate c(-12).
-90
Let r(h) = -73086*h + 2631111. What is r(36)?
15
Let t(x) = x**2 + 2238*x - 1583699. Determine t(565).
-4
Let w(i) = -2*i**2 - 763*i + 31416. What is w(-419)?
-9
Let z(g) = -103*g + 509. Determine z(6).
-109
Let t(p) = -2167*p + 145217. Determine t(67).
28
Let g(d) = 1086*d**2 + 887*d - 156. What is g(-1)?
43
Let i(h) = -19513*h + 60279. Determine i(3).
1740
Let j(q) = 2*q**3 - 48*q**2 + 48*q - 282. What is j(23)?
-236
Let w(b) = -119*b + 3835. What is w(30)?
265
Let a(f) = -26794*f - 241137. Calculate a(-9).
9
Let a(j) = -2403*j + 170606. What is a(71)?
-7
Let q(w) = w**2 + 34*w + 62. Give q(-34).
62
Let w(o) = -16179*o - 258887. What is w(-16)?
-23
Let y(z) = 20965*z - 419358. Give y(20).
-58
Let n(b) = -2*b**3 + 62*b**2 + 1145*b - 93. Determine n(44).
-49
Let i(s) = 15*s**2 - 320*s - 1221. Give i(-4).
299
Let o(k) = -4641*k - 56001. What is o(-12)?
-309
Let t(o) = 1963*o + 200338. Calculate t(-102).
112
Let n(f) = 29*f**2 - 80*f - 25. Calculate n(3).
-4
Let c(u) = -343*u - 22060. Determine c(-63).
-451
Let f(m) = 4414*m - 193732. Give f(44).
484
Let t(l) = 8*l**3 - 114*l**2 + 463*l - 62. Calculate t(6).
340
Let o(b) = b**3 + 15*b**2 - 34936*b - 627870. Calculate o(-18).
6
Let j(r) = -17*r**2 - 1396*r - 5585. Calculate j(-4).
-273
Let s(h) = h**3 + 1577*h**2 - 1576*h + 3144. Determine s(-1578).
-12
Let a(l) = 32922*l - 2633779. What is a(80)?
-19
Let c(b) = -440*b + 11314. What is c(26)?
-126
Let h(i) = -2*i**3 + 5169*i**2 - 66904*i + 593. What is h(13)?
8
Let i(t) = -5*t**2 - 1056*t - 2275. Calculate i(-209).
24
Let z(v) = -v**2 + 8759*v + 4580735. Calculate z(-495).
5
Let q(c) = 36*c**2 - 1230*c - 19946. Calculate q(-12).
-2
Let q(c) = -544*c**2 + 375*c - 2. Calculate q(-2).
-2928
Let s(g) = g**3 - 393*g**2 - 472*g + 338680. Give s(392).
-8
Let c(i) = -i**3 - 933*i**2 - 4853*i - 1056267. Give c(-929).
6
Let n(u) = 1686*u - 396245. Give n(235).
-35
Let g(r) = 10*r**2 - 140*r + 373. Calculate g(4).
-27
Let s(n) = -25736*n - 1338278. What is s(-52)?
-6
Let w(d) = d**3 - 15*d**2 + 19*d - 534. What is w(16)?
26
Let h(k) = 25*k**2 + 1101*k - 189. Give h(0).
-189
Let n(v) = 4222*v - 304939. Determine n(72).
-955
Let p(k) = 36*k - 3741. What is p(90)?
-501
Let q(d) = -d**3 - 5*d**2 + 222*d - 74. What is q(-17)?
-380
Let t(b) = -2*b**3 - 23*b**2 + 441*b - 53. Determine t(10).
57
Let s(r) = -r**3 + 37*r**2 + 92*r - 79. Determine s(-4).
209
Let s(p) = 803434*p - 20. Determine s(0).
-20
Let v(a) = 1856*a + 417466. Give v(-225).
-134
Let t(f) = 27*f + 567. What is t(-16)?
135
Let b(a) = -a**3 + 123*a**2 - 222*a + 11800. Give b(122).
-400
Let s(l) = -14*l**3 + 61*l**2 + 222*l - 143. What is s(-4)?
841
Let y(m) = m**2 + 3334*m + 1341294. Determine y(-468).
6
Let w(y) = -3*y**3 + 5*y**2 - 77*y + 467. Give w(8).
-1365
Let w(f) = -1825*f + 3759. Calculate w(2).
109
Let v(q) = 3006*q + 3138. Give v(-1).
132
Let i(n) = -11*n**2 - 3298*n + 27110. Calculate i(8).
22
Let t(l) = 37*l**3 - 592*l**2 + 13*l - 30. Give t(16).
178
Let g(r) = -22*r**2 + 905*r - 172. What is g(41)?
-49
Let m(q) = -2*q**3 + 1406*q**2 + 27535*q - 71485. Calculate m(722).
-7
Let b(p) = -60374*p + 422632. Determine b(7).
14
Let j(l) = -98*l**2 + 29107*l - 345. Calculate j(297).
-48
Let q(f) = -104*f - 2446. Calculate q(-24).
50
Let l(j) = 2*j**2 + 667*j + 42181. What is l(-249)?
100
Let w(n) = -3*n**3 - 17*n**2 + 91*n + 40. Calculate w(-8).
-240
Let a(y) = 745*y + 68992. Calculate a(-91).
1197
Let f(o) = -o**3 + 369*o**2 + 21419*o - 49. Calculate f(-51).
2
Let x(q) = 1059*q + 12534. What is x(-12)?
-174
Let c(x) = -3*x**3 - 33*x**2 + 32*x + 102. Determine c(-4).
-362
Let n(p) = -p**2 + 1581*p + 53236. Give n(-33).
-26
Let k(m) = -875*m - 75872. Determine k(-87).
253
Let s(x) = -2917*x + 23369. Calculate s(8).
33
Let a(o) = -o**3 + 7*o**2 - 17*o - 98. Give a(-8).
998
Let j(l) = 14511*l - 14502. Calculate j(1).
9
Let q(g) = 20*g**2 + 274259*g - 274258. Determine q(1).
21
Let f(b) = -3*b**3 + 4126*b**2 - 1387*b + 16505. Give f(1375).
5
Let a(x) = -316*x - 108971. Determine a(-353).
2577
Let m(a) = 6442*a**2 - 12880*a - 6. What is m(2)?
2
Let a(z) = 265*z + 44076. What is a(-168)?
-444
Let g(c) = 300916*c - 902749. Determine g(3).
-1
Let m(h) = 3*h**2 + 483*h - 1619. What is m(-165)?
361
Let l(o) = -49782*o + 248911. Determine l(5).
1
Let n(d) = -d**3 + 141*d**2 + 553*d - 137. Give n(-4).
-29
Let d(s) = -2757*s + 26504. Give d(9).
1691
Let f(y) = 2*y**3 - 105*y**2 - 558*y + 64. What is f(-6)?
-800
Let r(z) = 158*z - 7226. Give r(46).
42
Let x(a) = a**3 + 20*a**2 + 44*a + 73. Determine x(-18).
-71
Let v(k) = 66652*k + 1666260. Give v(-25).
-40
Let c(y) = 2375*y - 38900. What is c(16)?
-900
Let c(o) = -13*o**3 + 910*o**2 - 1888*o + 8156. What is c(68)?
-4
Let x(c) = 261142*c - 5745137. Calculate x(22).
-13
Let w(m) = -7*m**2 - 18*m - 7. Determine w(-5).
-92
Let x(k) = 96860*k + 290574. Give x(-3).
-6
Let q(n) = n**3 + 330*n**2 - 2009*n - 17. Determine q(6).
25
Let o(r) = r**3 + 398*r**2 + 14949*r - 1183. Determine o(-356).
-115
Let z(b) = b**3 + 29*b**2 + 35*b + 3104. Give z(-31).
97
Let w(a) = -29*a**3 - 438*a**2 - 451*a - 47. Give w(-14).
-5
Let n(i) = -i**2 + 733*i - 9664. Determine n(13).
-304
Let s(y) = -4*y**2 + 5925*y + 162891. What is s(-27)?
0
Let n(r) = -r**3 + 3*r**2 + 3086*r - 6167. Give n(2).
9
Let h(x) = -x**3 - 309*x**2 + 2842*x + 161. What is h(9)?
-19
Let l(z) = -152*z**2 - 10246*z + 10245. Determine l(1).
-153
Let a(o) = 3*o**2 + 272*o - 9845. Determine a(-117).
-602
Let n(i) = -12*i**3 + 79*i**2 - 44*i + 108. What is n(7)?
-445
Let x(l) = l**3 - 159*l**2 + 633*l + 1917. Calculate x(-2).
7
Let v(d) = d**3 + 23*d**2 - 415*d + 127. Determine v(-35).
-48
Let f(o) = -o**2 - 547*o - 73970. Calculate f(-300).
130
Let o(a) = -3*a**3 + 2256*a**2 + 13664*a - 15168. Calculate o(758).
-8
Let x(c) = -34*c**2 - 112*c - 44. What is x(-2)?
44
Let g(x) = -x**3 - 28*x**2 + 26724*x - 159121. Determine g(6).
-1
Let l(h) = 627*h**3 + 3763*h**2 + 8*h + 29. Give l(-6).
17
Let j(t) = -t**2 - 107*t - 2127. Give j(-81).
-21